.
7, 59, 83
Let u(d) = 45 + 33 - 20 + 4*d. Suppose -4*t = -7*l + 3*l - 32, l = 2*t - 3. What are the prime factors of u(l)?
2, 3
Suppose -117*l + 458833 = -25732 - 2857. List the prime factors of l.
2, 2083
Suppose 0 = c, -10 = 2*j - 10*c + 9*c. What are the prime factors of (-8)/(6/1170*j)?
2, 3, 13
Suppose 27 = 7*f + 6. Suppose 5*u - f*u - 2 = 0. What are the prime factors of -1*(u + (-1)/(4/80))?
19
Suppose 0 = 2*p + 4*c - 40, -17*c + 38 = 3*p - 22*c. Suppose 0 = -p*m - 170 + 2826. What are the prime factors of m?
2, 83
Suppose 0 = 2*u + 14 - 462. Let t be (-13 - -134) + (-6 - -8 - 3). Let k = u - t. What are the prime factors of k?
2, 13
Let s(i) = -i**3 - 14*i**2 + 28*i - 29. Let g(d) = d**3 - d + 1. Let w(o) = -2*g(o) - s(o). What are the prime factors of w(11)?
2, 13
Let w(u) = -2*u**2 - 121*u - 98. What are the prime factors of w(-47)?
1171
Let s(u) = u**2 + 9*u + 1. Let n be s(-8). Let f = -10 - n. List the prime factors of f/(-4 - -7)*-118.
2, 59
Let g = -134 + 83. Let l = 64 + g. Suppose -2*r - 8*c + l*c + 494 = 0, 5*c = 0. List the prime factors of r.
13, 19
Let o(d) = 57*d**2 - 30*d - 539. List the prime factors of o(-15).
2, 199
Suppose -3*m - 15 = 4*u, -15 = -55*m + 58*m - 3*u. Let c(g) = -5*g**3 - 7*g**2 - 18*g - 64. List the prime factors of c(m).
2, 7, 17
Suppose 0 = x - 5*x + 8. Let z be -4 - 4*(-3)/x. Suppose -z*u + 16 = t, -u - 40 = -3*u + 5*t. List the prime factors of u.
2, 5
Let f(p) = -p**3 + 17*p**2 + 49*p + 16. What are the prime factors of f(10)?
2, 3, 67
Let n be (-19212)/(-24) - (3/(-2) - -2). Let z = n - 61. What are the prime factors of z?
739
Let t(m) = 11*m - 4*m + 7 - 47. Let x(o) = -2*o**2 - 21*o + 9. Let n be x(-10). What are the prime factors of t(n)?
3, 31
Suppose -5*m = -87*v + 89*v - 40151, v + 4*m = 20086. List the prime factors of v.
2, 3, 3343
Let s(j) = 3*j**2 + 11*j - 38. Let c be s(-16). Suppose 19*a - c - 5792 = 0. What are the prime factors of a?
2, 167
Let u = 22 + 12. Let h = 44 - u. Suppose h + 122 = 6*m. What are the prime factors of m?
2, 11
Let t = 1 + 3. Let q(k) = 8 - 21 - 1 + 6*k + 35. List the prime factors of q(t).
3, 5
Suppose 5*q - 10438 = -2*i, 3*q + q = 14*i - 73144. List the prime factors of i.
2, 653
List the prime factors of 101 - 91 - (1 + 128019)/(-4).
5, 19, 337
List the prime factors of (-5622264)/72*(-4)/12.
26029
Let q(p) = 10*p - 6. Suppose -4*v + 2*n = -36, -5*n = 2*v - 2 + 8. Let i be q(v). Suppose b - 76 = i. List the prime factors of b.
2, 5, 7
Suppose 106*t - 1589232 = -13581 + 530675. List the prime factors of t.
31, 641
Let d(h) = h**3 - 6*h**2 - 18*h + 86. Let b be d(5). Let i = 560 + b. List the prime factors of i.
3, 59
Suppose 37*w - 38*w + 4*t + 715 = 0, -w + 717 = -2*t. Let y = w + -75. List the prime factors of y.
2, 7, 23
Let g(c) = 17*c**2 - 153*c + 3. Let a be g(9). Let j = 38 - -205. Suppose a*r - 45 - j = 0. What are the prime factors of r?
2, 3
Suppose 6896 + 9405 + 14728 = s. What are the prime factors of s?
3, 10343
Let m = -290 - -279. List the prime factors of (0 + 5 + m)*-17.
2, 3, 17
Let u = 225 - 224. List the prime factors of 162 - (-4 - u*(-9)/1).
157
Suppose -5*g + 7*x = -g + 3*x - 24044, 2*x = 0. What are the prime factors of g?
6011
Let o(w) = -w**3 - 6*w**2 + 2*w + 23. Let t be o(-6). Let v = t - -16. Let l = 121 - v. List the prime factors of l.
2, 47
Let a(y) = 24*y**3 - 58*y**2 + 608*y + 5. What are the prime factors of a(11)?
7, 4517
Suppose -3*u - 5*h = -12511, 7256 = -3*u + 4*h + 19776. What are the prime factors of u?
2, 7, 149
Let s(v) = v**3 + 5*v**2 - 2. Let c be s(-5). Let n be (-22)/c - (1 - 1/(-1)). Suppose n*p = 14 + 85. What are the prime factors of p?
11
Suppose 4*i - 5*m - 61562 = 0, -9*m = -5*i - 14*m + 76975. List the prime factors of i.
3, 7, 733
Let c(g) = 9 + 5 + 7*g - 8*g. Let z(l) = -3*l + 11. Let p be z(1). What are the prime factors of c(p)?
2, 3
Let p = 45 + -42. Let f be (-5 - (p + -4)) + 4. Suppose f = 5*n + 25, -j + 36 = 4*n - 14. What are the prime factors of j?
2, 5, 7
Let n = -27200 + 52849. What are the prime factors of n?
13, 1973
Suppose -2*u - 4*t + 10719 + 13321 = 0, -5*u + 60094 = 4*t. List the prime factors of u.
2, 3, 2003
Let s = 55 + -39. Suppose 9*m = -7 + s. List the prime factors of (-1245)/(-11) + m + (-13)/11.
113
Suppose -4*b = -5*l + 68699, 2*l = -b + 25611 + 1879. What are the prime factors of l?
3, 509
Let l be ((-18)/(-4))/(6 - 11/2). Let j(m) = m**3 - 3*m**2 - 10*m + 6. List the prime factors of j(l).
2, 3, 67
Let w(m) be the first derivative of m**4/4 - 7*m**3/3 + m**2 - 6*m + 18. Let n be w(7). What are the prime factors of 2 - (n/(-14) + (-6352)/56)?
2, 29
Let u(w) = 95*w**2 - 51*w - 9. What are the prime factors of u(-8)?
11, 19, 31
Suppose 400 = -14*k - 2*k. Let j = 25 + k. Suppose j = -15*b - 13 + 1783. List the prime factors of b.
2, 59
Let m(c) = 9*c**3 + 4*c**3 - 1 - c**3 + 3*c - 2*c**2 - c**3. Let v be m(1). Suppose v*z = 13*z - 220. What are the prime factors of z?
2, 5, 11
Let i = -22 - -23. List the prime factors of 8/(-12)*i + 1280/3.
2, 3, 71
Let r(h) = 4*h**3 + 10*h**2 - 25*h - 12. Let l(y) = -3*y**3 - 10*y**2 + 27*y + 13. Let w(q) = -3*l(q) - 2*r(q). What are the prime factors of w(-9)?
3, 5, 23
Let a(u) = u + 33. Let g be a(-5). Let n be (g - (1 - 2))*1. Suppose -792 = 21*c - n*c. What are the prime factors of c?
3, 11
Let w be (-4 - -5) + (1 - 1). Let i(n) = n - 1. Let m(k) = -29*k + 12. Let d(l) = w*m(l) + 3*i(l). List the prime factors of d(-3).
3, 29
Let a(v) = v**3 + v**2 - 8*v - 4. Let y be a(-3). Suppose t - 23 - y = 0. Let l = 30 - t. What are the prime factors of l?
5
Let z(k) = 35*k**3 + k**2 + 10*k - 4. What are the prime factors of z(3)?
2, 5, 7
Let k = -248 + 290. Suppose -k*d + 714 = -39*d. What are the prime factors of d?
2, 7, 17
Let b(p) = -34*p**3 + 2*p**2 - 24*p + 45. List the prime factors of b(-8).
7, 2539
Let z = -57 + 77. Let g be (-548)/(-13) + (-10)/65 + 1. Let t = g - z. What are the prime factors of t?
23
Let k(d) = -47*d**3 + 10*d**2 + 13*d + 6. What are the prime factors of k(-6)?
2, 3, 5, 29
Suppose -5*t + 369 = 4*i, -3*t = 2*i - i - 94. Let y = i - 18. Suppose -y + 3 = -2*r. What are the prime factors of r?
5, 7
Suppose 0 = 5*s - 3*s + 358. Let g = s - -284. List the prime factors of g.
3, 5, 7
Suppose -2*y - 2 = l, 4*l + 2*y - 5*y - 3 = 0. Let k(p) = -2*p. Let n be k(-1). Suppose -3*f - n*f = -v - 156, f + 3*v - 28 = l. List the prime factors of f.
31
Let j(a) = a**2 - a. Let z(u) = 7*u**2 + 13. Let p(i) = -j(i) + z(i). What are the prime factors of p(-2)?
5, 7
Suppose -5*i - d - 2 = 0, 4*d - 18 = -6. Let j be i/(-7) - 15276/(-84). Let r = -61 + j. List the prime factors of r.
11
Let h(r) = -r**2 + 6*r - 4. Let l be h(5). Let n(p) = 6 + l + 69*p - 4 - 99*p. List the prime factors of n(-1).
3, 11
Suppose 145*r - 2092440 = 6*r - 96*r. List the prime factors of r.
2, 3, 7, 53
Suppose -7*d + m = -2*d - 40, 0 = m. What are the prime factors of d + (1 - 7) + 979?
3, 109
Let r = 89 + -96. Let g(n) = -n - 5. Let v be g(r). Suppose -2*w = v*f - 270, 3*w = -w + f + 565. List the prime factors of w.
2, 5, 7
What are the prime factors of (-7 - -14 - 28/8) + (-215756)/(-8)?
3, 37
Let k = -10264 + 19440. What are the prime factors of k?
2, 31, 37
Suppose 1074*g - 1098*g = -51269 - 121339. What are the prime factors of g?
2, 29, 31
Suppose 6*x - 45 = -3*x. Suppose 0 = -x*v + 3*v. Suppose 2*r - 93 - 235 = v. List the prime factors of r.
2, 41
Let c(h) = -h**3 - 100*h**2 + 849*h - 86. What are the prime factors of c(-108)?
2, 13, 59
Let s(b) be the second derivative of b**4/12 - b**3/3 - 3*b**2/2 - 22*b. Let i be s(4). Suppose i*c = -3*c + 704. List the prime factors of c.
2, 11
Let p = 297 + -1151. Let d be (-8)/68 + p/(-34). Let y = 61 - d. List the prime factors of y.
2, 3
Let y(p) = -p**3 - 26*p**2 + p + 40. Suppose -11 = -h + 12. Suppose -52 = -h*c + 25*c. List the prime factors of y(c).
2, 7
Let c(d) = -597*d - 4101. List the prime factors of c(-32).
3, 1667
Let u be 2*(1/(-2))/(9 - 8). Let z(h) = 359*h**2 - h - 1. What are the prime factors of z(u)?
359
Suppose -2*q - 8*w = -5*w - 14600, -5*w = -20. What are the prime factors of q?
2, 7, 521
Let r(s) = 5*s - 3. Let b(t) = -37*t + 38. Let u(p) = b(p) + 9*r(p). Suppose 5*f = -2*v + 6, 4*v + 5*